ase 15) to base 9.
4
What is -10 (base 4) in base 10?
-4
Convert 2 (base 14) to base 8.
2
-3 (base 14) to base 5
-3
Convert -13 (base 12) to base 5.
-30
What is -10 (base 2) in base 9?
-2
Convert -1012 (base 3) to base 4.
-200
10 (base 7) to base 2
111
What is -253 (base 6) in base 13?
-81
What is -3 (base 4) in base 6?
-3
Convert 11101011 (base 2) to base 15.
10a
Convert -324 (base 8) to base 13.
-134
14 (base 9) to base 10
13
-34 (base 14) to base 16
-2e
Convert 7 (base 16) to base 12.
7
Convert 65 (base 8) to base 13.
41
What is 2122 (base 4) in base 9?
181
-47 (base 13) to base 16
-3b
Convert -39 (base 10) to base 8.
-47
-5 (base 9) to base 14
-5
-1000011 (base 2) to base 15
-47
What is -25 (base 7) in base 11?
-18
2 (base 16) to base 7
2
What is -17 (base 10) in base 12?
-15
-15 (base 15) to base 13
-17
Convert -55 (base 6) to base 14.
-27
What is -73 (base 8) in base 12?
-4b
Convert 1 (base 11) to base 10.
1
What is -18 (base 13) in base 8?
-25
-31 (base 9) to base 6
-44
What is -2 (base 10) in base 12?
-2
What is 163 (base 16) in base 7?
1015
-1 (base 3) to base 15
-1
13 (base 8) to base 6
15
Convert -11010 (base 2) to base 4.
-122
What is -23 (base 5) in base 6?
-21
-12 (base 6) to base 11
-8
Convert 2 (base 12) to base 13.
2
What is -48 (base 16) in base 15?
-4c
Convert -12 (base 7) to base 8.
-11
What is 32 (base 6) in base 12?
18
Convert 33 (base 5) to base 16.
12
Convert 403 (base 6) to base 9.
173
289 (base 10) to base 11
243
-20 (base 9) to base 14
-14
-7 (base 8) to base 2
-111
7 (base 14) to base 8
7
5 (base 8) to base 11
5
What is 5 (base 16) in base 6?
5
What is -101 (base 2) in base 9?
-5
1 (base 7) to base 15
1
What is -13 (base 6) in base 4?
-21
-27 (base 11) to base 5
-104
What is -111 (base 4) in base 13?
-18
What is 0 (base 13) in base 10?
0
7 (base 11) to base 2
111
Convert 4 (base 8) to base 15.
4
What is 6 (base 15) in base 14?
6
Convert 45 (base 13) to base 6.
133
3 (base 13) to base 7
3
What is -1 (base 4) in base 13?
-1
What is -10 (base 2) in base 6?
-2
8d (base 16) to base 9
166
Convert 2 (base 10) to base 12.
2
What is -2 (base 15) in base 7?
-2
What is 50 (base 6) in base 11?
28
What is 10222 (base 3) in base 8?
153
-1021 (base 4) to base 15
-4d
Convert 3 (base 7) to base 11.
3
What is 3b (base 16) in base 3?
2012
What is -40 (base 6) in base 3?
-220
Convert 2 (base 14) to base 5.
2
What is -13 (base 6) in base 14?
-9
Convert -4 (base 9) to base 13.
-4
-136 (base 11) to base 15
-aa
What is -1 (base 4) in base 7?
-1
What is 22 (base 10) in base 3?
211
Convert -1251 (base 6) to base 9.
-384
230 (base 4) to base 10
44
Convert -10 (base 7) to base 8.
-7
-7 (base 15) to base 13
-7
Convert 136 (base 15) to base 6.
1140
What is -111 (base 6) in base 16?
-2b
What is -2 (base 6) in base 14?
-2
Convert 100 (base 2) to base 9.
4
Convert -3 (base 14) to base 7.
-3
What is -1 (base 2) in base 12?
-1
Convert -2212 (base 3) to base 2.
-1001101
Convert -7 (base 10) to base 3.
-21
-1 (base 3) to base 16
-1
Convert -19 (base 12) to base 6.
-33
-3230 (base 4) to base 12
-178
Convert 1010 (base 2) to base 3.
101
-15 (base 9) to base 15
-e
What is 302 (base 4) in base 13?
3b
What is -c (base 14) in base 2?
-1100
What is 222 (base 3) in base 9?
28
Convert -11 (base 6) to base 3.
-21
12 (base 10) to base 5
22
What is -3 (base 10) in base 13?
-3
What is -83 (base 10) in base 6?
-215
What is 2 (base 10) in base 12?
2
10 (base 6) to base 8
6
Convert 4 (base 16) to base 13.
4
What is -3 (base 8) in base 2?
-11
Convert -34 (base 5) to base 12.
-17
4 (base 7) to base 15
4
1011000 (base 2) to base 4
1120
What is 11000 (base 2) in base 6?
40
What is 2 (base 11) in base 6?
2
1120 (base 3) to base 11
39
Convert -6 (base 7) to base 11.
-6
What is 3 (base 7) in base 9?
3
Convert 13 (base 5) to base 10.
8
-24 (base 9) to base 11
-20
10 (base 4) to base 7
4
Convert -298 (base 12) to base 3.
-112222
-210 (base 6) to base 9
-86
Convert -25 (base 9) to base 5.
-43
What is 88 (base 12) in base 6?
252
Convert -7 (base 11) to base 3.
-21
What is 10 (base 15) in base 16?
f
62 (base 8) to base 16
32
Convert -8 (base 16) to base 13.
-8
Convert -10 (base 9) to base 10.
-9
-13 (base 16) to base 11
-18
-233 (base 6) to base 5
-333
What is -230 (base 6) in base 3?
-10100
Convert 13 (base 4) to base 7.
10
Convert -18 (base 13) to base 7.
-30
Convert 101 (base 2) to base 7.
5
Convert -5 (base 10) to base 7.
-5
-19 (base 13) to base 15
-17
What is 130 (base 6) in base 2?
110110
What is -2 (base 11) in base 2?
-10
What is 8 (base 12) in base 15?
8
What is -1012 (base 3) in base 14?
-24
-1 (base 14) to base 9
-1
Convert 35 (base 6) to base 4.
113
-30 (base 9) to base 8
-33
Convert -1a (base 13) to base 10.
-23
Convert -243 (base 5) to base 4.
-1021
3 (base 4) to base 5
3
Convert 17 (base 9) to base 10.
16
-110111 (base 2) to base 3
-2001
What is 15 (base 13) in base 5?
33
1 (base 15) to base 9
1
Convert -3 (base 16) to base 15.
-3
What is 0 (base 12) in base 8?
0
What is -11 (base 11) in base 4?
-30
22 (base 6) to base 7
20
Convert 1010 (base 2) to base 13.
a
Convert -3 (base 11) to base 2.
-11
-144 (base 16) to base 13
-1bc
2 (base 11) to base 10
2
11 (base 5) to base 11
6
Convert -b0 (base 14) to base 3.
-12201
What is 51 (base 6) in base 11?
29
-4 (base 16) to base 13
-4
What is 12021 (base 3) in base 14?
a2
What is 2 (base 13) in base 2?
10
What is -22 (base 5) in base 2?
-1100
3 (base 9) to base 7
3
-1 (base 11) to base 5
-1
What is -2111 (base 3) in base 9?
-74
Convert -83 (base 12) to base 7.
-201
11 (base 5) to base 2
110
-7 (base 14) to base 16
-7
1 (base 9) to base 2
1
d (base 14) to base 15
d
What is -12011 (base 3) in base 9?
-164
Convert 31 (base 4) to base 11.
12
Convert -10b (base 12) to base 4.
-2123
What is 0 (base 9) in base 16?
0
What is -5 (base 12) in base 3?
-12
What is -4 (base 13) in base 8?
-4
Convert 5 (base 16) to base 11.
5
Convert 1 (base 6) to base 10.
1
What is -2122 (base 3) in base 12?
-5b
-27 (base 11) to base 6
-45
Convert -2 (base 6) to base 5.
-2
What is -11110 (base 2) in base 16?
-1e
-3 (base 16) to base 15
-3
Convert 323 (base 6) to base 11.
102
Convert -331 (base 5) to base 2.
-1011011
Convert -10 (base 5) to base 13.
-5
14 (base 5) to base 7
12
What is 75 (base 12) in base 7?
155
Convert 3 (base 10) to base 5.
3
Convert 33 (base 4) to base 7.
21
-2 (base 10) to base 2
-10
What is -b (base 13) in base 11?
-10
-13 (base 12) to base 10
-15
What is 4 (base 15) in base 2?
100
15 (base 8) to base 10
13
Convert 111100 (base 2) to base 5.
220
-2d (base 15) to base 16
-2b
-11010 (base 2) to base 3
-222
Convert -24 (base 6) to base 13.
-13
What is 85 (base 12) in base 9?
122
What is -2 (base 12) in base 14?
-2
What is 454 (base 6) in base 7?
343
-8 (base 15) to base 6
-12
What is 4 (base 5) in base 8?
4
Convert 95 (base 12) to base 9.
135
-1 (base 2) to base 3
-1
Convert -104 (base 6) to base 4.
-220
Convert -22 (base 3) to base 12.
-8
13 (base 14) to base 5
32
What is 2 (base 15) in base 11?
2
Convert -1 (base 4) to base 9.
-1
-3 (base 13) to base 8
-3
2 (base 16) to base 8
2
30 (base 11) to base 5
113
37 (base 9) to base 15
24
Convert -8 (base 14) to base 9.
-8
Convert -11 (base 7) to base 14.
-8
Convert 2 (base 9) to base 7.
2
Convert 5 (base 15) to base 5.
10
24 (base 10) to base 3
220
-202 (base 3) to base 4
-110
Convert -1 (base 9) to base 12.
-1
23 (base 13) to base 11
27
What is -1e (base 16) in base 15?
-20
What is 11222 (base 3) in base 12?
b2
What is -3 (base 4) in base 6?
-3
Convert 0 (base 2) to base 14.
0
What is -2 (base 12) in base 16?
-2
What is -8 (base 14) in base 4?
-20
2 (base 3) to base 5
2
What is 2 (base 3) in base 2?
10
What is -41 (base 14) in base 2?
-111001
111110 (base 2) to base 4
332
-5 (base 7) to base 3
-12
12 (base 6) to base 10
8
Convert 36 (base 13) to base 7.
63
What is -110 (base 5) in base 9?
-33
1221 (base 4) to base 10
105
What is 7 (base 15) in base 9?
7
-70 (base 8) to base 14
-40
-21 (base 5) to base 9
-12
10010 (base 2) to base 16
12
What is 1 (base 12) in base 7?
1
What is 1210 (base 3) in base 10?
48
What is -33 (base 5) in base 10?
-18
-26 (base 15) to base 5
-121
What is 11 (base 4) in base 16?
5
What is 202 (base 4) in base 6?
54
What is -c4 (base 13) in base 2?
-10100000
Conver